s of ((-32200)/(-138))/(2/6)?
2, 5, 7
Let m = 3428 - 117. List the prime factors of m.
7, 11, 43
Suppose 335 = z - 3*c, -4*z + 2*c + 1340 = -2*c. List the prime factors of z.
5, 67
Let n(h) = h**2 + 61*h + 15. List the prime factors of n(22).
7, 263
Let b(o) = -o**3 - 2*o**2 - 3*o - 1. Let q be b(-2). Let z be (-9)/(18/8) - -4. Suppose -2*u + q*u - 24 = z. What are the prime factors of u?
2
Let z(j) be the second derivative of j**3/6 + 4*j**2 + 3*j. Let i be z(-5). Suppose 2*d - d = 2*t + 34, -14 = -d - i*t. What are the prime factors of d?
2, 13
Suppose 20*c - 5*g - 6799 = 16*c, -2*c + 5*g = -3397. What are the prime factors of c?
3, 7
Let i(t) = -18*t + 93. List the prime factors of i(5).
3
Suppose -69 = q - 20. Let j = q + 61. What are the prime factors of j?
2, 3
List the prime factors of (-10 - 2/2)*(-55 + 8).
11, 47
Let j be (-161)/35 + 6/10. Let o = j + 10. Let n(v) = -v**3 + 5*v**2 + 7*v + 5. What are the prime factors of n(o)?
11
Let k(o) = 14*o**3 - 2*o. Let f be k(2). Suppose 0 = i - 50 - f. List the prime factors of i.
2, 79
Let v be (-4)/(-18) - (-1084)/(-18). Let i = 110 + -111. What are the prime factors of (0 + i)/(3/v)?
2, 5
Suppose -8800 = -35*f + 25*f. List the prime factors of f.
2, 5, 11
Suppose 4*t + 7*w = 4*w + 821, -4*t + 2*w + 846 = 0. What are the prime factors of t?
11, 19
Suppose 53 = 5*w - 6*w. Let z = w + 128. What are the prime factors of z?
3, 5
Suppose 5*p + 11 = -14. Let c = p + 8. Suppose c*u = 5*z - 190, 5*u + 176 + 14 = 5*z. List the prime factors of z.
2, 19
Suppose -4*y - 3*d + 300 = 0, 2*d = 5*y - 0*d - 375. Suppose o = 6*o + a - 45, y = 5*o - 5*a. List the prime factors of o.
2, 5
Let z(p) = 15*p - 19. Let r be z(4). Let v = 76 - r. List the prime factors of v.
5, 7
Let n = 104 + -106. List the prime factors of -3 + -1 + 2 + n - -134.
2, 5, 13
Let p(o) = o**3 - 8*o**2 - 11*o + 11. Let t be p(9). Let l(c) = -2*c**2 - 17 + 4*c**2 - c**2 + c. List the prime factors of l(t).
5
Let z(u) = u**3 - 17*u**2 - 47*u + 47. List the prime factors of z(20).
307
Let s(j) = -j**3 - 13*j**2 - 15*j - 12. Let c(z) = z**3 + 12*z**2 + 14*z + 11. Let g = -22 + 15. Let t(l) = g*c(l) - 6*s(l). List the prime factors of t(-6).
43
Let g = 5484 + -3353. List the prime factors of g.
2131
Let f(l) = -l**2 + 6*l + 4. Let w = -1 - -7. Let b be f(w). Let s(i) = -i**2 + 10*i - 4. List the prime factors of s(b).
2, 5
Suppose 3*g - 2*g - 36 = 0. Suppose 12*w - 10*w - g = 0. What are the prime factors of w?
2, 3
Let y(w) = -w + 4. Let i be y(0). Let n = 23 - 21. Suppose -n*q - 5*s + 10*s = -105, -i*s - 288 = -5*q. List the prime factors of q.
2, 3, 5
Let v = 24 - 48. Let r = 38 + v. Suppose 0 = -2*p + 4*p - r. List the prime factors of p.
7
Suppose -3*k - 209 - 691 = 4*a, 5*k = -20. Let v = -110 - a. List the prime factors of v.
2, 7
Let w(z) = 95*z + 74. What are the prime factors of w(12)?
2, 607
Suppose -3*y = -293 - 1078. What are the prime factors of y?
457
Suppose t + w - 2223 = 0, -107*t = -108*t - 5*w + 2203. What are the prime factors of t?
2, 557
Let o = -1 - -5. Let v(j) = -3*j + j + 3*j + o + 5. What are the prime factors of v(10)?
19
Let g(h) = h**3 - 3*h**2 + h - 6. Let q be g(4). Let y be -3 - ((-8)/(-2) + -39). Suppose -q - y = -2*m. What are the prime factors of m?
23
Let u be ((-5)/(-5))/(1/319). Suppose -18*c + 1967 = -u. List the prime factors of c.
127
Suppose a + 2*l + 6 = -l, 0 = -2*a - 3*l. Let z(y) = 3*y - 15. Let n be z(a). Suppose -n*q = -x - 62, 2*q - 77 = -5*x - 30. List the prime factors of q.
3, 7
Suppose 21 = 4*t + 17. Suppose -t - 36 = -h. What are the prime factors of h?
37
Suppose 5*r + 2 = 12. Suppose 2*l - 10 = -2*d - r*l, 4*l = -16. What are the prime factors of d?
13
Let y(z) = 18*z**2 - 11*z - 46. What are the prime factors of y(-6)?
2, 167
Let d(h) = -h**3 - 2*h**2 + 5*h + 4. Let b = 22 - 14. Suppose s + b = n, -3*s - 5*n = -2*s - 16. What are the prime factors of d(s)?
2
List the prime factors of (-11831)/(-9) - 204/(-459).
5, 263
Let z = -363 + 177. Let m = 329 + z. List the prime factors of m.
11, 13
Let m be 213/(-9)*(-6)/2. Suppose m - 15 = 4*z. List the prime factors of z.
2, 7
Let d(x) = x**3 + 6*x**2 - 4. Let u be d(-6). Let v be (-1)/(54/(-14) - u). Let z = v - -13. List the prime factors of z.
2, 3
Suppose -2*g + 884 = 5*b - 1325, -g = 4*b - 1766. List the prime factors of b.
3, 7
Let s(t) = -t**3 - t**2 - 4*t + 526. List the prime factors of s(0).
2, 263
Suppose 0 = 19*a - 15*a - 3312. What are the prime factors of a?
2, 3, 23
Let u = 290 - -16. What are the prime factors of u?
2, 3, 17
Let j be (0/1)/2 - 3600/18. Let w = 351 + j. What are the prime factors of w?
151
Let d be ((1 + 1)*-2)/(-1). Suppose 0 = d*y - 9 - 19. What are the prime factors of y?
7
Suppose c - 4*n + 22 = 0, -4*c - n - 8 = 3*n. List the prime factors of (-14)/c + (-3)/9.
2
Let v(k) = -62*k**3 - 2*k**2 + 6*k + 10. List the prime factors of v(-2).
2, 3
Suppose 0 = 3*j - 3*g - 4425, -5*g + 2523 = 2*j - 406. What are the prime factors of j?
2, 23
Let c(q) = 40*q**3 - 6*q**2 - 3*q - 5. Let f(s) = s**2 + 1. Let m(i) = c(i) + 4*f(i). Let n be m(-1). Let j = n - -75. List the prime factors of j.
5, 7
Suppose 0 = 4*c - 5*c + 3*w + 100, -4*w + 220 = 2*c. Let t = -55 + c. List the prime factors of t.
3, 17
Suppose 39 = -5*g + 3*c - 63, g + 3*c = -24. Let u = 39 + g. What are the prime factors of u?
2, 3
Suppose -5*q + 1128 = -4*r, 1105 = 5*q - 2*r - 29. Suppose -3*z + q = 5*n, -2*z - 248 = -4*n - n. List the prime factors of n.
2, 3
Suppose 5*l - 17241 = -3591. List the prime factors of l.
2, 3, 5, 7, 13
Let m(b) = b**3 - 3*b**2 - 3*b - 1. Let t be m(4). Suppose t = -2*h + 1. Let s(w) = -14*w**3 + 1. What are the prime factors of s(h)?
3, 5
Let i(l) = -59*l. Let n be i(2). Let v = -84 - -27. Let d = v - n. List the prime factors of d.
61
Let y = -1160 + 2473. What are the prime factors of y?
13, 101
Suppose -4*q + 42 = -74. Let m = -31 + q. List the prime factors of 6 + (-4 - (-10 - m)).
2, 5
Suppose 2*g - 689 = -a + 327, -3*g + 2*a + 1510 = 0. List the prime factors of g.
2, 11, 23
Let b(t) = 6*t**2 - t - 1. List the prime factors of b(-5).
2, 7, 11
Suppose -5*z + 72352 = 11*z. List the prime factors of z.
2, 7, 17, 19
Let d(s) = -s**2 + 62*s - 141. List the prime factors of d(55).
2, 61
Suppose -5*p = r - 2*r + 44, 52 = -4*p + 5*r. What are the prime factors of ((-30)/p)/((-1)/(-20))?
3, 5
Suppose 0 = 2*p - 50*q + 54*q - 1078, 5*p - 4*q - 2723 = 0. List the prime factors of p.
3, 181
What are the prime factors of (3 + 21/(-2))*1544/(-12)?
5, 193
List the prime factors of ((-1)/5)/((-12)/10860).
181
Suppose 10 + 29 = 3*n. Suppose n*f = 8*f + 675. What are the prime factors of f?
3, 5
Suppose -2*x + 121 = -31. Suppose 3*z = 5*b + 22 + x, -2*z + 68 = -2*b. What are the prime factors of z?
2, 3
Let n(t) = -54*t + 2. Let d be n(-2). Suppose 3*i - 75*i - 3960 = 0. Let s = d + i. What are the prime factors of s?
5, 11
Suppose -l - z = -181, l + 4*z - 84 = 97. What are the prime factors of l?
181
Let c(y) = 10*y - 3. Let m(o) = o**3 + 7*o**2 + 3*o + 9. Let b be m(-7). Let n = b - -15. List the prime factors of c(n).
3
Let i = -719 - -1140. What are the prime factors of i?
421
Let p(c) be the second derivative of 7*c**4/3 + c**3 + 20*c. List the prime factors of p(2).
2, 31
Let h = 655 - 267. List the prime factors of h.
2, 97
List the prime factors of 594 + -1 - (-10 + -17 + 32).
2, 3, 7
Let c = 2801 - 1944. What are the prime factors of c?
857
Suppose 10*k + 5*k = 10305. What are the prime factors of k?
3, 229
Let v = 64 + -29. Let p = -62 + v. Let j = p - -48. List the prime factors of j.
3, 7
Suppose 22 = 5*a - 43. Suppose 4*m - m = -5*t + a, 0 = -m - 3*t - 1. What are the prime factors of (-6)/(-4)*(m - -11)?
3, 11
What are the prime factors of (-5 + (-13)/7)/(4/(-56))?
2, 3
Suppose -1974 = -3*n + 3*i, -2*n + 0*n - 2*i = -1328. What are the prime factors of n?
661
Let m = 234 - -41. What are the prime factors of m?
5, 11
Suppose 3*r = 2*u + 3673 + 132, r - 5*u = 1290. List the prime factors of r.
5, 11, 23
Let d(o) = 33*o**2 - 61*o - 87. What are the prime factors of d(-10)?
3823
Let h = 17 + -22. Let l be h/(-30) + 127/(-6). What are the prime factors of (-143)/(-7) - (-9)/l?
2, 5
Let v = 8099 - 4035. What are the prime fa